e 14, what is 1c0 + -db2?
-bd2
In base 5, what is -404031 + 3134?
-400342
In base 11, what is -2 - 8420?
-8422
In base 16, what is -62 - -4c0?
45e
In base 10, what is -53 - -5519?
5466
In base 13, what is b - -724?
732
In base 10, what is -855638 - -6?
-855632
In base 14, what is -5159 - -5?
-5154
In base 6, what is -3 + 3011402?
3011355
In base 16, what is -5 + 25b71?
25b6c
In base 8, what is 456606 - 7?
456577
In base 12, what is -4a - -1811?
1783
In base 6, what is -22455 + 22?
-22433
In base 2, what is -10101101111 + 10011110?
-10011010001
In base 9, what is 5266 + 10?
5276
In base 14, what is 3 + 2a310?
2a313
In base 14, what is 29b5 - 3?
29b2
In base 6, what is -2 - -2245103?
2245101
In base 3, what is 2021202110021 - 2?
2021202110012
In base 7, what is 201364 + -4?
201360
In base 15, what is 19ce4 + 1?
19ce5
In base 5, what is -1441041 + 41?
-1441000
In base 10, what is 3 + -6517?
-6514
In base 6, what is 1253 - 1332?
-35
In base 8, what is 73755 - 6?
73747
In base 7, what is 302 - 42?
230
In base 9, what is 15860 - 8?
15851
In base 15, what is -74 + 2b7d?
2b09
In base 6, what is 41512 - -1?
41513
In base 5, what is 22 - 114003404?
-114003332
In base 12, what is 3 - -596a9?
596b0
In base 12, what is 57 - -288?
323
In base 13, what is -87c + -10?
-88c
In base 15, what is -32096 - -5?
-32091
In base 7, what is -15263 + -324?
-15620
In base 4, what is -113 - -130131?
130012
In base 12, what is 109 + 40?
149
In base 5, what is 1121133 + 4?
1121142
In base 15, what is 1 - -1b94e?
1b950
In base 7, what is 10625 - -466?
11424
In base 9, what is -3000608 - -4?
-3000604
In base 6, what is -30 + 3130?
3100
In base 5, what is -10 - 110122?
-110132
In base 12, what is 3a - -34?
72
In base 13, what is -5 - -b4998?
b4993
In base 7, what is -2046 + -21?
-2100
In base 16, what is 14 + -65c?
-648
In base 16, what is -61a - 2?
-61c
In base 12, what is 136b761 - -4?
136b765
In base 4, what is -1110200 + 1231?
-1102303
In base 6, what is 104 + -10304?
-10200
In base 16, what is d01 - 31?
cd0
In base 9, what is -2167165 + 5?
-2167160
In base 16, what is a + -8f9a?
-8f90
In base 8, what is 16115 - -6?
16123
In base 11, what is -12 - -192689?
192677
In base 10, what is -15 + 172968?
172953
In base 7, what is 2002 + -23550?
-21545
In base 2, what is -110100 + 10001011?
1010111
In base 3, what is -2002 + 1101200102?
1101121100
In base 14, what is -2ca + -a4b?
-d37
In base 7, what is 142531 + -1?
142530
In base 7, what is -6 + -5365256?
-5365265
In base 7, what is -11 + 1455413?
1455402
In base 9, what is 2083 - 6277?
-4184
In base 12, what is 75b2b + -4?
75b27
In base 13, what is 10666 + -77?
105bc
In base 10, what is 5 + -59602?
-59597
In base 8, what is -11262 + 14?
-11246
In base 11, what is 27 - -167a2?
16819
In base 5, what is 40112033 - -10?
40112043
In base 13, what is -659 - 337?
-993
In base 15, what is -e - 157?
-166
In base 5, what is -43 - -40430?
40332
In base 5, what is -34112 + -31?
-34143
In base 3, what is 11 - 112122010011?
-112122010000
In base 12, what is -3632 - 269?
-389b
In base 16, what is -df28 + 2?
-df26
In base 14, what is 7 + -239?
-232
In base 2, what is -10111111010 + 1010100?
-10110100110
In base 11, what is 2450 - 73?
2388
In base 11, what is 116 + 1918?
1a33
In base 14, what is -1796 + 7?
-178d
In base 15, what is -50d0 - -1?
-50ce
In base 12, what is -13 + 81b9b?
81b88
In base 14, what is -23ad + -13?
-23c2
In base 5, what is 1403120 - -13?
1403133
In base 11, what is 4a63 + 0?
4a63
In base 5, what is 1312 + 330?
2142
In base 10, what is -1 + 11210?
11209
In base 12, what is -13 - 1b4b2?
-1b505
In base 4, what is -11 + 100302?
100231
In base 9, what is -4 + 77315?
77311
In base 12, what is -5 + 1895?
1890
In base 5, what is 104 - 103441?
-103332
In base 16, what is 2 + -130214?
-130212
In base 3, what is -20001121 - -21220?
-12202201
In base 10, what is -16 + 19794?
19778
In base 3, what is -2112100200 + 0?
-2112100200
In base 4, what is -1232 - -110122?
102230
In base 8, what is 17610 - -17?
17627
In base 4, what is 11100013 + 11?
11100030
In base 7, what is -1543 - 6?
-1552
In base 8, what is 14235 - 17?
14216
In base 14, what is -dc53 + 15?
-dc3c
In base 16, what is -6bc9 - 2?
-6bcb
In base 14, what is -539d - b?
-53aa
In base 2, what is -10100110001 - -1011101?
-10011010100
In base 13, what is 630 - -10b?
73b
In base 11, what is 354444 + 4?
354448
In base 5, what is -131023 - -1104?
-124414
In base 3, what is -10101 + -112012?
-122120
In base 9, what is -148 + 15252?
15103
In base 16, what is 4 + bf81?
bf85
In base 4, what is -20232030 + -113?
-20232203
In base 3, what is 222 - 22212000?
-22211001
In base 2, what is -101 + 100010010101?
100010010000
In base 14, what is -1947 - 1b0?
-1b17
In base 9, what is -204 - 13?
-217
In base 4, what is 11 + -21133010?
-21132333
In base 16, what is 8 + 1c1?
1c9
In base 13, what is 47ba0 + 0?
47ba0
In base 8, what is -1767271 + 5?
-1767264
In base 8, what is -2056 + -236?
-2314
In base 13, what is -10 - 125c?
-126c
In base 15, what is -ce7e + -3?
-ce82
In base 5, what is -203120 - 121?
-203241
In base 7, what is -34521 - 20?
-34541
In base 9, what is -30615 + 5?
-30610
In base 15, what is 326b - -6?
3272
In base 9, what is -3 + -2641478?
-2641482
In base 6, what is -222 + -1230441?
-1231103
In base 13, what is -1395c - -4?
-13958
In base 4, what is -1101302200 + 2?
-1101302132
In base 8, what is -36406 - -117?
-36267
In base 16, what is a965 - 0?
a965
In base 3, what is -1201021121 - 2012?
-1201100210
In base 9, what is -644808 - -4?
-644804
In base 5, what is -11302 - 2032?
-13334
In base 13, what is 3 + 1acc?
1b02
In base 2, what is -1000011101000010101000 + 0?
-1000011101000010101000
In base 6, what is -4155 + -20?
-4215
In base 12, what is 6a4 - -21?
705
In base 6, what is -2543 - -15232?
12245
In base 12, what is -35 + 143?
10a
In base 7, what is -24421 - 6?
-24430
In base 15, what is 4 + -84402?
-843ed
In base 12, what is 7 + 3742?
3749
In base 3, what is 11 + -21000122212?
-21000122201
In base 11, what is -3348 - 23?
-3370
In base 4, what is 112121121 - 2?
112121113
In base 13, what is -7a + 103?
56
In base 9, what is 5 + 5176?
5182
In base 14, what is 1111 + 93?
11a4
In base 13, what is -3 + -79192?
-79195
In base 12, what is -3 - 72b01?
-72b04
In base 2, what is -1001011101000010010 + 101?
-1001011101000001101
In base 15, what is 12 + 661?
673
In base 6, what is 14303 + -212?
14051
In base 7, what is -11 - 2533?
-2544
In base 15, what is -8 + 2d0?
2c7
In base 12, what is -b - -25a5?
2596
In base 12, what is -14 + -613?
-627
In base 4, what is 13000 + 1311?
20311
In base 7, what is 0 + 1443061?
1443061
In base 3, what is 0 - 12111211?
-12111211
In base 7, what is 1 + 30664?
30665
In base 6, what is -4513 - 5520?
-14433
In base 9, what is -1148648 + -1?
-1148650
In base 6, what is -11 - -114?
103
In base 16, what is 4 + 14ea7?
14eab
In base 14, what is -23 - 2b68?
-2b8b
In base 6, what is 11 + -4405250?
-4405235
In base 2, what is -10 + -101000110101111?
-101000110110001
In base 5, what is 4 - -324121?
324130
In base 5, what is -141 - 433?
-1124
In base 5, what is 42 - -2212?
2304
In base 13, what is c - 695?
-686
In base 12, what is 61 + -406?
-365
In base 9, what is 1562 + 31?
1603
In base 15, what is -5c2c + 0?
-5c2c
In base 15, what is -1d - -5?
-18
In base 15, what is -398 + 5a5?
20c
In base 8, what is -3545 + -401?
-4146
In base 7, what is -305 + -2665?
-3303
In base 15, what is c6 - -216?
2dc
In base 8, what is 72415 + 106?
72523
In base 12, what is 79 - 51?
28
In base 2, what is 11010111011001100111 + 100?
11010111011001101011
In base 7, what is -2326 + 1041?
-1255
In base 10, what is -4 - 178559?
-178563
In base 6, what is 1130 - 4522?
-3352
In base 15, what is -79 + 56?
-23
In base 11, what is -21a - 381?
-5a0
In base 3, what is -2011112 + -222022?
-10010211
In base 5, what is -32 - -2224?
2142
In base 12, what is -15b8 - -9?
-15ab
In base 7, what is 14 + 156243?
156260
In base 16, what is -2fade9 - 5?
-2fadee
In base 4, what is -11 - -1123130?
1123113
In base 4, what is -31 + -1011031?
-1011122
In base 12, what is 1572 + -b8?
1476
In base 16, what is -ac04 - 12?
-ac16
In base 5, what is 44440230 + 4?
44440234
In base 11, what is 911 + -52?
86a
In base 6, what is -5